 + i - 33 = -4*d. Let b = 56 - d. Is b a composite number?
True
Suppose 3*p - 14 = 13. Suppose -2*u = -u + p. Is (-93)/(-1)*(-3)/u prime?
True
Suppose -2*b = s - 11, -3*b - 5*s = -8*b + 5. Suppose 2*r - r = 2*j - 64, 0 = -b*j - 2*r + 136. Is j composite?
True
Is (1558/3)/(-2 + 24/9) composite?
True
Let i(x) = 11*x + 12. Is i(9) a prime number?
False
Let v be ((-24)/18)/(4/(-30)). Suppose 3*s = 5*f - 4, 0 = 3*s + 2*f + v + 1. Let x(g) = 2*g**2 + 5*g + 4. Is x(s) a prime number?
True
Let u be -2*(-2)/8*0. Suppose 4*b = 3*a + 39, 2*b - 27 = -u*b + 3*a. Is b/((16/10)/4) prime?
False
Let f be (1/(-3))/(4/12). Let m(a) = -3*a**3 - 2*a + a**3 - 1 - a**2 - 8*a**3. Is m(f) a prime number?
False
Let q(o) = 5*o + 3. Suppose 0 = x + 2*x + 2*z - 5, 5*z + 22 = 4*x. Suppose -4*k - y + 25 = 0, x*k - 16 = k - 4*y. Is q(k) a composite number?
True
Suppose 441 = -3*r + 1788. Is r a prime number?
True
Let a be (12/15)/(4/10). Let j(c) = 7*c**2 + 0*c + c**3 - c**a - 1 - c. Is j(-4) composite?
True
Let o(i) = i**2 - i - 3. Let z be o(-6). Suppose 0 = 3*x - z - 72. Is x a composite number?
False
Suppose -17 = 3*u + 28. Is 572/3 + (-5)/u a composite number?
False
Let v(f) = f**2. Let s(m) = -m**2 - 5*m + 1. Let r(a) = s(a) + 6*v(a). Let i(k) be the first derivative of r(k). Is i(4) a prime number?
False
Let q = -133 - -295. Let x = -179 - -285. Suppose -q = -4*l + x. Is l composite?
False
Suppose m - 3*c = -1 + 100, -2*c = 5*m - 427. Is m composite?
True
Suppose 9*g + 3524 = 17393. Is g a composite number?
True
Is (-2)/(-7) + 1559/7 composite?
False
Suppose -2*w + 5*k + 9 = -18, -3*w - 12 = 3*k. Is (-12)/(-4)*w + 34 a prime number?
True
Let s = 753 + -342. Is s prime?
False
Let f(m) = -2*m**3 + 8*m**2 + 5*m - 3. Is f(-5) a prime number?
False
Suppose -q = -4*q - 4*s + 853, 2*s = 4*q - 1152. Is q prime?
False
Suppose 2*a - 4*a + 464 = 0. Suppose -4*g = -2*g + a. Is 3/((-6)/g - 0) a composite number?
True
Let t = 2740 + -311. Is t prime?
False
Is (-2479 - -2)*-1 + 4 + -2 composite?
True
Let r be (-28)/(-10) - (-1)/5. Suppose -5*k - r + 18 = 0. Is k a prime number?
True
Let f be (-10)/(-6) + 2/6. Suppose 3*v + 5*w = f*w + 636, -v = -w - 222. Is (-2 - -1)*-1*v a composite number?
True
Is 1671 - -4 - (-3)/(6/(-8)) a composite number?
True
Let h(m) = -m**2 - m + 6. Let i be h(0). Suppose -2*a = -i*a + 1196. Is a a prime number?
False
Is -3935*(3 - (5 - 1)) a composite number?
True
Suppose 0 = 6*f - 3*f - 2*k - 884, -2*f = -4*k - 576. Is f prime?
False
Let p = -20 + 139. Is p composite?
True
Let t = 40 - -573. Is t a prime number?
True
Is (-789008)/(-112) + (2/7 - 0) a prime number?
False
Let f(b) = 7*b**3 - 8*b**2 + 5*b + 21. Is f(5) prime?
False
Suppose 0 = 2*g - 3*p - 881, 2*p = 3*g + p - 1332. Is g a composite number?
True
Suppose 7 = 3*c - i, -3*i = -3*c - 0 + 9. Suppose c*f = 2*k + 3*k + 158, -3*f + 251 = -4*k. Is f a prime number?
True
Let g be 3/(-7) + 126/(-49). Let a = g + 8. Is (-3)/a - (-2516)/10 a prime number?
True
Let z be (1 + -2)/((-1)/7). Let i = z + -7. Suppose -2*w + 21 + 425 = i. Is w composite?
False
Let s(q) = -120*q - 1. Is s(-2) a composite number?
False
Suppose -55 = -8*c + 3*c + 5*a, -3*c - 4*a = -33. Is c composite?
False
Suppose -2*c - 4*k = -3*c + 7351, 5*k = 2*c - 14696. Is c composite?
True
Let s be (-2)/3*(0 - 18). Let f be s/4 + 0/(-2). Suppose f = 4*c - 5*x - 39, -c + 11 = -x. Is c a prime number?
True
Let n = 13 - 7. Is (2/1)/(n/1257) a prime number?
True
Is (-22665)/(-18) - (-3)/(-18) a prime number?
True
Let m = -666 - -1244. Let q = m + -323. Suppose -4*v = -53 - q. Is v a prime number?
False
Suppose -2*o - 38 = -316. Is o a prime number?
True
Let m be ((-142)/(-5))/(3/(-15)). Let u = m + 271. Let j = u - 92. Is j a prime number?
True
Let q = 3315 + -2242. Is q a composite number?
True
Suppose -2*w = 3*w - 25. Suppose w*j - 748 = 4*o - 3*o, -j = -5*o - 164. Is j prime?
True
Is 1118 - (0 + 1/1) a prime number?
True
Let o(m) = 28*m - 1. Let i be o(4). Suppose 0 = -u - 44 + i. Is u composite?
False
Let u(p) = p**2 + 6*p - 4. Let w be u(-6). Let m(n) = -n**3 - 4*n**2 - 5*n - 6. Is m(w) a prime number?
False
Let g(a) = 6*a**3 + 5*a**2 - a + 7. Is g(4) a composite number?
False
Let k be 10*3*(-2)/(-12). Suppose 0 = v - 0*v, 2*h + 46 = -k*v. Let w = h + 138. Is w a prime number?
False
Let v = -3697 + 8824. Is v a composite number?
True
Let z = 109 + 126. Let m = z - 72. Is m prime?
True
Let p(w) = 44*w + 73. Is p(14) a prime number?
False
Let i be -1 + 1/(-2)*-6. Let y(g) = 3*g**3 + g - 1. Let z be y(i). Is (z - 2)*(2 + -1) a prime number?
True
Suppose -2*r - 21 = -5*r + 3*h, 3*r - 5*h = 19. Let n(k) = -4*k**2 + 5*k - 7. Let l(u) = 11*u**2 - 15*u + 21. Let w(d) = r*n(d) + 3*l(d). Is w(-7) composite?
True
Suppose 5*k - 6 - 2 = 3*c, 2*k = 5*c - 12. Let z(g) = g**3 + g**2 - g + 6. Let o be z(5). Suppose -k*t + 731 = o. Is t a composite number?
True
Suppose 3*j = 4*d + 2159, -3*j - 6*d + 5*d = -2149. Let g = j + -349. Suppose 10 - 111 = -m - 3*x, -3*x = 4*m - g. Is m prime?
True
Suppose 2*y + 4*o - 1722 = 0, -o - 4357 = -5*y + 2*o. Is y a prime number?
False
Suppose 0 - 4 = -n. Suppose -n*b + 5*m = -526 - 128, -3*b + 479 = 2*m. Is b composite?
True
Is -3 - (-35 - (-1 + 3)) a prime number?
False
Let z(v) = 6*v**3 + 3*v**2 + v - 1. Is z(5) prime?
True
Let q be (20/(-8) + 0)*-2. Is (-18)/(q + -2 - 5) a prime number?
False
Let v(k) = -k**3. Let t(s) = 23*s**3 + s**2 - 1. Let h(j) = t(j) + 4*v(j). Let z = 0 + 1. Is h(z) composite?
False
Let n = 260 - 184. Is (2/4)/(2/n) a prime number?
True
Suppose -6*b + 3594 + 4188 = 0. Is b composite?
False
Let v(c) = c**3 - 4*c**2 - 13*c - 1. Let x be v(9). Let s = x - 184. Is s prime?
True
Suppose -4*z + 206 = -2*w - 1836, 2*w = z - 506. Suppose 0 = 2*u + 8, u - z = -5*r + r. Is r prime?
False
Suppose 8*n = 4*n + 4564. Is n a prime number?
False
Is (-21)/6*(-156 - 2) composite?
True
Let w = -217 - -344. Is w a prime number?
True
Suppose 2*r = 4*r. Suppose -4*p + r*h + 140 = 4*h, -3*p + 5*h + 121 = 0. Is p composite?
False
Suppose -2*h - 2*h - 17 = -3*s, -4*h = s + 5. Suppose 5*w - 2*a - 926 = -5*a, w + s*a = 178. Is w composite?
True
Let y(p) be the second derivative of 3*p**4/4 + p**2/2 - 2*p. Let l be 0 - (0 + (-1 - -3)). Is y(l) prime?
True
Suppose 2*f - 66 + 0 = 0. Is f composite?
True
Let a(m) = -m**3 - 5*m**2 - 4*m + 4. Let u be a(-4). Suppose u*r = -5*q + 4277, -4*q - q + 3*r = -4256. Is q prime?
True
Let m = 46 - 30. Let i(a) = 2 - m*a - 4 + 1 + 0. Is i(-9) a composite number?
True
Is 2 + 4236/9 - 1/(-3) composite?
True
Let h = -603 + 1076. Is h prime?
False
Is (234/(-27))/(2/(-39)) prime?
False
Suppose w = -0*c + 4*c - 77, c - 2*w - 21 = 0. Let p = 50 - c. Let s = p - 16. Is s a composite number?
True
Let l(n) = 8*n - 9. Is l(6) a composite number?
True
Suppose -2*t + 35 = s, 8 = -s + 2*t + 23. Let q = s - -268. Is q composite?
False
Is (-1425)/(-27) + 4 + 68/(-18) a prime number?
True
Let a(i) = 4*i + 61. Let q(l) = -3*l - 41. Let p(s) = -5*a(s) - 7*q(s). Let w be p(8). Let d(c) = -c**3 - 10*c**2 + 14. Is d(w) a composite number?
True
Suppose g - 19 = -3*q, -4*q + q = -5*g - 31. Let j(z) = -2 - 6 + 0*z + z + 2*z**2. Is j(q) a prime number?
True
Suppose 3684 = 7*y - 3*y - 4*d, 4605 = 5*y - 2*d. Is y a composite number?
True
Let a be 3*(6/9)/1. Suppose 0*f + 3*f - a*y + 180 = 0, -2*y = 2*f + 130. Is (-1)/5*f*5 prime?
False
Let c = 10 - -282. Let z = c + -156. Suppose 5*s = r - 4*r + z, 2*s = 2*r - 64. Is r prime?
True
Let q be 2/(3/(-24)*-4). Let c(p) = -3*p + 8*p**2 + 3*p - 5. Is c(q) a prime number?
False
Let o be -1*(1 - -1) - -2. Suppose -373 = -4*t - u + 2*u, -4*u = 4. Suppose 3*l = -o*l + t. Is l a composite number?
False
Is (-1 + (-1320)/(-16))/((-1)/(-14)) a prime number?
False
Suppose -213 = -5*m + 682. Let z = m + 6. Let i = 342 - z. Is i composite?
False
Let p = -275 - -430. Is p composite?
True
Suppose 0 = w - c - 284, -3*w - 3*c = -161 - 685. Suppose z - 132 = w. Suppose 3*l + 2*l = z. Is l a composite number?
False
Let k(x) be the third derivative of x**4/24 + x**3/3 - 4*x**2. Let l be k(-2). Suppose l*b = 2*b - 222. Is b a prime number?
False
Suppose 0 = -5*w + 553 + 1792. Is w composite?
True
Let o(v) = v + 34. Let x be 1/4 + 118/8. Suppose -5 = 3*d - 4*i + x, -5 = 5*d - i. Is o(d) co